n(f) be the second derivative of -1/6*f**3 + 33*f - f**k + 0. What is n(-7)?
5
Let o(s) be the third derivative of -s**5/60 + s**4/8 - 141*s**2 + 9. Give o(-3).
-18
Let q = -172 + 214. Suppose -10*n = 142 - q. Let h(d) = d**3 + 9*d**2 - 9*d + 4. Calculate h(n).
-6
Let v = -8 - 4. Let f(a) = 19*a**3 + 6*a**2 - 14*a - 10. Let c(j) = -16*j**3 - 7*j**2 + 12*j + 11. Let i(n) = 6*c(n) + 5*f(n). Calculate i(v).
-8
Let g(t) = -t**2 + 19*t + 6. Let m be g(18). Suppose -m = -j - 7*j. Let y(x) = -1 - j*x**2 + 10*x - 4*x - 3*x. Calculate y(2).
-7
Let f = -458 + 466. Suppose -f = -p - 5*i, -3*p - 44 = -0*p - 2*i. Let c(j) = -j - 9. Give c(p).
3
Suppose -5*x - 4*q = 28, 2*x = q + 102 - 108. Let c(v) = v**3 - 3*v**2 + 4*v + 6. Determine c(x).
-122
Let f(l) = 3*l**3 - 24*l**2 + 29*l + 4. Let m(n) = -5*n**3 + 37*n**2 - 44*n - 6. Let o(c) = 8*f(c) + 5*m(c). Give o(-8).
-30
Let y(l) = l**3 - 11*l**2 + 4*l + 58. Let c be y(10). Let z(u) = -u**3 + 4*u**2 + 9*u - 1. Calculate z(c).
5
Let b(h) = -h**3 + 4*h**2 + 6*h - 1. Let f(g) = 2*g**2 - 3*g + 4. Let k be f(2). Let x = -2 - k. Let m = -3 - x. Calculate b(m).
4
Let u(p) be the second derivative of -2*p**3/3 - p**2/2 - p. Suppose -4*h = -23*h + 608. Suppose 25*f = -18 - h. Give u(f).
7
Let n(x) = 6*x + 3. Suppose 0 = -m - l + 2, 2*l + 2 = -14*m + 15*m. Let t be ((-2)/m)/((-4)/(-8)). What is n(t)?
-9
Let x = 2 + -7. Let i(g) be the first derivative of 3*g**2/2 - g + 2581. Give i(x).
-16
Let a = 190 - 99. Let q(b) = -9*b**2 + 6*b + 8*b**2 - a + 100. Calculate q(8).
-7
Let v(b) be the second derivative of b**4/12 - 19*b**3/6 + 27*b**2/2 - 923*b. Calculate v(19).
27
Let o(y) = 3*y - 30. Let h(x) = -x + 10. Let d(t) = 2*h(t) + o(t). Give d(9).
-1
Let q(l) be the third derivative of -l**5/60 - l**4/12 - 5*l**3/6 + l**2. Let w be 0/(-12 - (28 + -42)). Give q(w).
-5
Let b(t) = 50*t - 287. Let a(g) = -33*g + 178. Let u(j) = -8*a(j) - 5*b(j). What is u(6)?
95
Let k(i) = 9*i - 197. Let s = -17828 - -17850. Calculate k(s).
1
Let r(j) = -6*j**3 + 1 + 10*j**2 - 6*j**2 + 2*j**3 + 2*j + 3*j**3 + 0*j**2. Calculate r(5).
-14
Let w = -3 - -5. Suppose -57 = 5*n - w. Let t = -8 - n. Let l(m) = m**2 - 4. Calculate l(t).
5
Let t(l) = 14*l**3 - 92*l**2 + 112*l - 14. Let n(x) = 5*x**3 - 35*x**2 + 37*x - 4. Let f(p) = 11*n(p) - 4*t(p). Give f(-14).
-2
Let r(f) = -7*f - 145. Let i(a) = 23*a + 410. Let h(d) = 6*i(d) + 17*r(d). Calculate h(-2).
-43
Let d(y) = -3*y**3 - y**2 - 49*y - 2. Let r(i) = -2*i**3 - i**2 - 47*i - 3. Let o(w) = -3*d(w) + 4*r(w). Give o(7).
1
Let c(r) = 4*r**2 + 219*r - 1514. Let f be c(-61). Let l(z) = -z**2 + 12*z - 20. Calculate l(f).
-9
Suppose -5*m - 3*r - 2*r = 10, -5*m - r = -6. Let a(t) = t + 56 - 48 - m*t. Give a(11).
-3
Let p(a) = -4 + a + 4 + 8 - 2. Suppose 0 = -2355*h + 2371*h + 128. Give p(h).
-2
Let v(i) = 0 + 2 + 1 - 4 + 6*i. Suppose -39*y = -37*y + 6. Let j be -3 + (2/y*-3 - -2). Calculate v(j).
5
Let i(m) = 9 + 4*m**2 - 5*m + m**2 - 5*m**2 + m**2. Let o = -93 - -53. Let y be 1/((-7)/o) - (-2)/7. Determine i(y).
15
Suppose 0 = 3*b + 2*l - 2, -2*b + 233*l - 231*l + 18 = 0. Let o(k) = k**3 - 3*k**2 - 11*k + 6. What is o(b)?
-22
Let k(x) = -x - 4. Let i = 12 + 89. Suppose 2*c - i = -2*u + 3*c, 5*u + c - 235 = 0. Let a be (u/30)/(3/(-15)). Calculate k(a).
4
Suppose 1 = 2*x + 3. Let w be (-2 + x - (-4 + 4)) + 11. Let r = -10 + w. Let v(y) = 3*y**3 + 4*y**2 + 2*y - 2. Give v(r).
-14
Let u(y) = 28*y + 219. Let o be u(-8). Let w(r) be the second derivative of -1/6*r**3 + 0 - 12*r - 3*r**2. Calculate w(o).
-1
Let n(b) = -4*b**3 - 7*b**2 + 4*b + 7. Let h(t) = 2*t**3 + 4*t**2 - 2*t - 4. Suppose 0 = -3*c - 29 + 14. Let d(j) = c*h(j) - 3*n(j). What is d(-2)?
-9
Suppose 0*p + 243 = 3*p. Suppose 75*x - 20*x = -2*x + 4560. Let v = p - x. Let c(k) = -3*k**3 - k**2 + 2*k - 1. Give c(v).
-3
Suppose -3*c = -f + 19, -3*f - 3 = -15. Let b(x) = -4*x**3 - 7*x**2 - 4*x - 5. Let u(i) = i**3. Let j(d) = b(d) + 3*u(d). Give j(c).
-35
Let r(h) = -h + 1. Suppose 0 = 5*y + 183 - 213. Let b(w) = -w**2 - 13*w + 1. Let a(n) = y*r(n) - b(n). What is a(-7)?
5
Let y(f) = -f**2 - 4*f - 7. Let d = 453 + -789. Let m = -339 - d. Calculate y(m).
-4
Let z(p) be the first derivative of p**6/360 + p**5/30 - 7*p**4/24 + 16*p**3 + 60. Let c(s) be the third derivative of z(s). What is c(-4)?
-7
Let r = 95387 + -95382. Let x(a) = 5*a**2 + 26*a + 26. Let j(q) = 2*q**2 + 9*q + 9. Let n(l) = 8*j(l) - 3*x(l). Determine n(r).
-11
Let f(w) = -3*w**2 + 50 + 13 - 2*w**3 + 14*w - 58. Determine f(-3).
-10
Let z(l) = 170*l - 20. Let c(p) = -62*p + 7. Let m(s) = 14*c(s) + 5*z(s). What is m(-1)?
16
Let v(p) = -2*p - 83 + 91 + 50. Calculate v(23).
12
Let n(l) = 3*l + 26. Let j be -319 - -316 - (1/1)/1. Determine n(j).
14
Let g(x) be the third derivative of 0*x + 7/6*x**3 + 2 - 1/24*x**4 - 6*x**2. Determine g(6).
1
Suppose 5*s - 93*r - 124 = -87*r, -4*s - 4*r + 64 = 0. Let g(u) = -2*u**3 + 40*u**2 + 5. Give g(s).
5
Let w = 46 + -83. Let r = w - -34. Let h(g) = g**2. Let c(v) = 4*v**2 + 5*v. Let p(l) = r*h(l) + c(l). Give p(-3).
-6
Let w(x) = -3*x - 2. Let k be w(-4). Let l(o) = 5 + 85*o - 11*o**2 + 192*o + 70*o - 336*o + o**3. Calculate l(k).
15
Let h = -21927 + 21922. Let t(o) = -o**3 - 4*o**2 - o - 23. Calculate t(h).
7
Let d(r) = -1506*r + 504*r + 506*r + 494*r + 12. What is d(8)?
-4
Let h(i) = i**2 - 3*i - 2. Let n(b) = -b**2 - 16*b + 34. Let y be n(2). Let w be 3*(23/(-138))/(y/(-16)). Give h(w).
26
Let z(n) = 3*n + 4. Let w(a) = 11*a + 6. Let t be w(-1). Let p be t + (-1 - -4) + 8. Give z(p).
22
Let f(d) = -5 + 9 + 0 + 3*d. Suppose -3*l = -9*c + 36, 4*l - 5*c = -10*c + 3. What is f(l)?
-5
Let r(v) = 942*v - 476*v + 3 - 464*v. Suppose -12 = -0*m - 2*m. Determine r(m).
15
Suppose -2*d - 2*k = k + 23, k - 14 = d. Let v(y) = -44329*y + 11 + 44330*y + 4 + 13*y**2 + y**3. Calculate v(d).
2
Suppose g + 695 = 696. Let v(r) = -12*r**2 + 7*r. Let p be v(g). Let a(n) = -n + 2. Give a(p).
7
Let g(n) = 5336*n - 2660*n + 3 - 2661*n. Suppose 0 = -i - 2 - 0. What is g(i)?
-27
Let w(a) be the second derivative of a**5/20 - a**4 + 5*a**3/6 + a**2 + 791*a - 2. Determine w(12).
62
Suppose -5*r - x + 199 = 0, 0 = 3*r - 5*x + 3*x - 122. Suppose u + r = -4*u. Let n(c) = -c - 4. Determine n(u).
4
Let q(m) = 5*m - 1. Let w(c) = 24*c - 5 + 29*c - 58*c. Let x be w(-2). Suppose 0 = -15*h + 20*h - x. Determine q(h).
4
Let j(o) = -31*o**2 + 17*o. Let z(h) = 6*h - 4*h**2 - 23*h + 11*h + 15*h**2. Let l(c) = -6*j(c) - 17*z(c). What is l(3)?
-9
Let r(c) = 48*c + 26*c + 6 + 22*c + 23*c - 131*c + c**2 + 22*c. Suppose 5*i - v = -39, -4*i + 4*v = -0*i + 44. Determine r(i).
-15
Let q(z) = z**2 + 3*z - 4. Suppose 7*a - 8*a - 15 = 0. Let j be 1*20/a - 30/18. Calculate q(j).
-4
Let q(l) be the first derivative of l**3/3 - 4*l**2 + 24*l + 9871. Calculate q(-7).
129
Let k(f) = f**2 + 2*f - 10. Let a be k(-5). Suppose -a*p + 0 = -10. Let c(u) = 12*u - 9. Let y(z) = 3*z - 2. Let t(d) = -4*c(d) + 18*y(d). Calculate t(p).
12
Let s(b) = 5*b**2 - 3*b + 2. Let g(j) = j**2 - 76*j + 1410. Let n be g(44). What is s(n)?
16
Let z(c) be the second derivative of c**5/60 - 5*c**4/24 + c**3/2 - c. Let k(a) be the second derivative of z(a). Let s be (12 - 6)/(1 + -1 + 1). Give k(s).
7
Let q(o) = -o**3 + 7*o**2 + 3*o - 10. Let s be ((-2)/6)/(3 + 44/(-15)). Let n be (-1)/((15/(-9))/s). Let x be 16/(-12)*-3 - n. Calculate q(x).
11
Let d(u) = u. Let x(s) = s**2 - 7*s - 14. Let z(i) = -6*d(i) - x(i). Let w = -80 + 113. Let j = 33 - w. What is z(j)?
14
Let q = 913 - 10955/12. Let f(a) be the second derivative of -q*a**4 - 7*a + 1/4*a**5 + 0*a**2 + 0*a**3 + 0. Calculate f(-1).
-6
Let z(d) = 2*d**2 + 12*d - 10. Suppose 431*m + 2044 = 435*m. Let w = 504 - m. What is z(w)?
4
Let q(z) = z**2 + 19*z + 31. Let o(n) = n**3 - 58*n**2 + 398*n + 5. Let x be o(8). Calculate q(x).
-57
Let o(t) = -42303*t - 42101*t + 84397*t - t**2 - 2. Suppose l + 10 = -x, 0 = -3*l + l + 2*x - 8. Determine o(l).
-2
Let m(c) = 3*c**3 - 26*c**2 - 13*c + 39. Let a be m(9). Let r(z) be the second derivative of 5/6*z**a + 0 - z**2 - 1/12*z**4 + 8*z. Determine r(6).
-8
Let c = 0 - -7. Let f(q) = -28*q - 3. Let v(m) = 169*m + 10. Let z(x) = 6*f(x) + v(x). Give z(c).
-1
Let n = 5 + -6. Let k(a) = a**2 + a - 5. Let o(d) = 4*d**3 - 2*d**2 - 2*d + 10. Let b(p) = -